{"id":9703,"date":"2026-04-29T12:35:00","date_gmt":"2026-04-29T12:35:00","guid":{"rendered":"https:\/\/wolfblanc.com\/?page_id=9703"},"modified":"2026-04-29T14:23:23","modified_gmt":"2026-04-29T14:23:23","slug":"architects","status":"publish","type":"page","link":"https:\/\/wolfblanc.com\/sv\/architects\/","title":{"rendered":"Arkitekter"},"content":{"rendered":"<h2 class=\"wp-block-heading has-text-align-center\">V\u00e5rt Team<\/h2>\n\n\n\n<p class=\"has-text-align-center has-small-font-size\">Wolfblanc leds av registrerade arkitekter. <br>Varje projekt hanteras direkt av dem, fr\u00e5n det f\u00f6rsta samtalet till slutf\u00f6randet.<\/p>\n\n\n<div class=\"kb-row-layout-wrap kb-row-layout-id9703_2309b4-c2 alignnone wp-block-kadence-rowlayout\"><div class=\"kt-row-column-wrap kt-has-2-columns kt-row-layout-equal kt-tab-layout-inherit kt-mobile-layout-row kt-row-valign-top\">\n\n<div class=\"wp-block-kadence-column kadence-column9703_454616-af\"><div class=\"kt-inside-inner-col\">\n<figure class=\"wp-block-image alignleft size-full is-resized\" style=\"margin-right:0;margin-left:0\"><noscript><img decoding=\"async\" width=\"756\" height=\"1024\" data-skip-lazy src=\"https:\/\/wolfblanc.com\/wp-content\/uploads\/2026\/01\/DOLORES_lwsoptimized.webp\" alt=\"\" class=\"wp-image-7613\" style=\"width:300px\" srcset=\"https:\/\/wolfblanc.com\/wp-content\/uploads\/2026\/01\/DOLORES_lwsoptimized.webp 756w, https:\/\/wolfblanc.com\/wp-content\/uploads\/2026\/01\/DOLORES_lwsoptimized-221x300.webp 221w, https:\/\/wolfblanc.com\/wp-content\/uploads\/2026\/01\/DOLORES_lwsoptimized-9x12.webp 9w, https:\/\/wolfblanc.com\/wp-content\/uploads\/2026\/01\/DOLORES_lwsoptimized-500x677.webp 500w\" sizes=\"(max-width: 756px) 100vw, 756px\" \/><\/noscript><img decoding=\"async\" width=\"756\" height=\"1024\" src=\"https:\/\/wolfblanc.com\/wp-content\/uploads\/2026\/01\/DOLORES_lwsoptimized.webp\" alt class=\"wp-image-7613 vp-lazyload\" style=\"width:300px\" srcset=\"data:image\/svg+xml;base64,PHN2ZyB3aWR0aD0iNzU2IiBoZWlnaHQ9IjEwMjQiIHZpZXdCb3g9IjAgMCA3NTYgMTAyNCIgZmlsbD0ibm9uZSIgeG1sbnM9Imh0dHA6Ly93d3cudzMub3JnLzIwMDAvc3ZnIj48L3N2Zz4=\" data-src=\"https:\/\/wolfblanc.com\/wp-content\/uploads\/2026\/01\/DOLORES_lwsoptimized.webp\" data-srcset=\"https:\/\/wolfblanc.com\/wp-content\/uploads\/2026\/01\/DOLORES_lwsoptimized.webp 756w, https:\/\/wolfblanc.com\/wp-content\/uploads\/2026\/01\/DOLORES_lwsoptimized-221x300.webp 221w, https:\/\/wolfblanc.com\/wp-content\/uploads\/2026\/01\/DOLORES_lwsoptimized-9x12.webp 9w, https:\/\/wolfblanc.com\/wp-content\/uploads\/2026\/01\/DOLORES_lwsoptimized-500x677.webp 500w\" data-sizes=\"auto\" loading=\"eager\"><\/figure>\n\n\n\n<p class=\"has-medium-font-size\"><strong>Dolores<\/strong><\/p>\n\n\n\n<p class=\"has-text-color has-link-color wp-elements-4c51a13c120baf9d68052acb8fa13d87\" style=\"color:#707070\"><em>Ledande arkitekt<\/em><\/p>\n\n\n\n<p>Dolores \u00e4r spansk och svensk. Hon utbildade sig till arkitekt vid ETSAM, Escuela T\u00e9cnica Superior de Arquitectura de Madrid, en av Europas mest respekterade arkitektskolor och en del av Universidad Polit\u00e9cnica de Madrid. Hon byggde upp sin yrkeserfarenhet i Spanien och Sverige, d\u00e4r hon ledde komplexa bostads- och blandfastighetsprojekt f\u00f6r n\u00e5gra av de st\u00f6rsta nordiska byggherrarna, d\u00e4ribland Skanska, JM, Bonava och Serneke.<\/p>\n\n\n\n<p>Hon har en masterexamen i h\u00e5llbar design och bioklimatisk arkitektur fr\u00e5n Barcelonas universitet och har genomg\u00e5tt en specialistutbildning i cirkul\u00e4rt byggande i Stockholm. Hon \u00e4r en registrerad arkitekt med ytterligare yrkeslicens i Spanien (COAM, Colegio Oficial de Arquitectos de Madrid) och en WELL Accredited Professional.<\/p>\n<\/div><\/div>\n\n\n\n<div class=\"wp-block-kadence-column kadence-column9703_7637d0-d0\"><div class=\"kt-inside-inner-col\">\n<figure class=\"wp-block-image alignleft size-full is-resized\" style=\"margin-right:0;margin-left:0\"><noscript><img decoding=\"async\" width=\"762\" height=\"1024\" data-skip-lazy src=\"https:\/\/wolfblanc.com\/wp-content\/uploads\/2026\/04\/DIMITRIS.jpg\" alt=\"\" class=\"wp-image-9349\" style=\"width:305px\" srcset=\"https:\/\/wolfblanc.com\/wp-content\/uploads\/2026\/04\/DIMITRIS.jpg 762w, https:\/\/wolfblanc.com\/wp-content\/uploads\/2026\/04\/DIMITRIS-223x300.jpg 223w, https:\/\/wolfblanc.com\/wp-content\/uploads\/2026\/04\/DIMITRIS-9x12.jpg 9w, https:\/\/wolfblanc.com\/wp-content\/uploads\/2026\/04\/DIMITRIS-500x672.jpg 500w\" sizes=\"(max-width: 762px) 100vw, 762px\" \/><\/noscript><img decoding=\"async\" width=\"762\" height=\"1024\" src=\"https:\/\/wolfblanc.com\/wp-content\/uploads\/2026\/04\/DIMITRIS.jpg\" alt class=\"wp-image-9349 vp-lazyload\" style=\"width:305px\" srcset=\"data:image\/svg+xml;base64,PHN2ZyB3aWR0aD0iNzYyIiBoZWlnaHQ9IjEwMjQiIHZpZXdCb3g9IjAgMCA3NjIgMTAyNCIgZmlsbD0ibm9uZSIgeG1sbnM9Imh0dHA6Ly93d3cudzMub3JnLzIwMDAvc3ZnIj48L3N2Zz4=\" data-src=\"https:\/\/wolfblanc.com\/wp-content\/uploads\/2026\/04\/DIMITRIS.jpg\" data-srcset=\"https:\/\/wolfblanc.com\/wp-content\/uploads\/2026\/04\/DIMITRIS.jpg 762w, https:\/\/wolfblanc.com\/wp-content\/uploads\/2026\/04\/DIMITRIS-223x300.jpg 223w, https:\/\/wolfblanc.com\/wp-content\/uploads\/2026\/04\/DIMITRIS-9x12.jpg 9w, https:\/\/wolfblanc.com\/wp-content\/uploads\/2026\/04\/DIMITRIS-500x672.jpg 500w\" data-sizes=\"auto\" loading=\"eager\"><\/figure>\n\n\n\n<p class=\"has-medium-font-size\"><strong>Dimitrios<\/strong><\/p>\n\n\n\n<p class=\"has-text-color has-link-color wp-elements-4c51a13c120baf9d68052acb8fa13d87\" style=\"color:#707070\"><em>Ledande arkitekt<\/em><\/p>\n\n\n\n<p>Dimitrios \u00e4r grek och svensk. Han har en integrerad masterexamen i arkitektur och ingenj\u00f6rsvetenskap fr\u00e5n National Technical University of Athens, ett av Europas ledande tekniska universitet, och en masterexamen i entrepren\u00f6rskap och innovationsledning fr\u00e5n KTH i Stockholm. Han fortsatte med att leda stora bostads- och kommersiella projekt f\u00f6r byggherrar som Skanska, Einar Mattsson och JM.<\/p>\n\n\n\n<p>Han \u00e4r registrerad arkitekt med ytterligare yrkeslicens i Grekland (TEE-TCG). P\u00e5 Wolfblanc leder han projektledning, BIM-samordning, aff\u00e4rsutveckling samt studions strategi och verksamhet i Spanien, Sverige och Grekland.<\/p>\n<\/div><\/div>\n\n<\/div><\/div>\n\n\n<div class=\"wp-block-kadence-spacer aligncenter kt-block-spacer-9703_4f258a-7d\"><div class=\"kt-block-spacer kt-block-spacer-halign-center\"><hr class=\"kt-divider\"\/><\/div><\/div>\n\n\n\n<p class=\"has-text-align-center has-medium-font-size\"><strong><strong><strong><strong>V\u00e5ra team<\/strong><\/strong><\/strong><\/strong><\/p>\n\n\n\n<div class=\"wp-block-kadence-column kadence-column9703_e6a168-f3\"><div class=\"kt-inside-inner-col\">\n<p class=\"has-text-align-center\">Tillsammans leder Dolores och Dimitrios ett team av arkitekter, designers, ingenj\u00f6rer och specialiserade medarbetare med \u00f6ver tv\u00e5 decenniers samlad erfarenhet av arkitektur, bostadsutveckling, kommersiella interi\u00f6rer och design f\u00f6r hotell- och restaurangbranschen.<\/p>\n<\/div><\/div>\n\n\n<div class=\"kb-row-layout-wrap kb-row-layout-id9703_179a28-ff alignnone wp-block-kadence-rowlayout\"><div class=\"kt-row-column-wrap kt-has-4-columns kt-row-layout-equal kt-tab-layout-inherit kt-mobile-layout-row kt-row-valign-top\">\n\n<div class=\"wp-block-kadence-column kadence-column9703_04b29a-b1\"><div class=\"kt-inside-inner-col\">\n<p class=\"has-text-align-center has-medium-font-size\"><strong>Studio<\/strong><\/p>\n\n\n\n<p class=\"has-text-align-center has-small-font-size\"> Arkitekter, designers, koncept- och visualiseringsspecialister<\/p>\n<\/div><\/div>\n\n\n\n<div class=\"wp-block-kadence-column kadence-column9703_90c112-aa\"><div class=\"kt-inside-inner-col\">\n<p class=\"has-text-align-center has-medium-font-size\"><strong>Produktion <\/strong><\/p>\n\n\n\n<p class=\"has-text-align-center has-small-font-size\">Byggsamordning, platsledning, tekniskt utf\u00f6rande<\/p>\n<\/div><\/div>\n\n\n\n<div class=\"wp-block-kadence-column kadence-column9703_87cce7-4b\"><div class=\"kt-inside-inner-col\">\n<p class=\"has-text-align-center has-medium-font-size\"><strong>Ingenj\u00f6rskonst<\/strong><\/p>\n\n\n\n<p class=\"has-text-align-center has-small-font-size\"> Struktur-, MEP- och tekniska konsulter<\/p>\n<\/div><\/div>\n\n\n\n<div class=\"wp-block-kadence-column kadence-column9703_5a25c5-54\"><div class=\"kt-inside-inner-col\">\n<p class=\"has-text-align-center has-medium-font-size\"><strong>Medarbetare <\/strong><\/p>\n\n\n\n<p class=\"has-text-align-center has-small-font-size\">Specialiserade partners i Spanien, Sverige och Grekland<\/p>\n<\/div><\/div>\n\n<\/div><\/div>\n\n\n<div class=\"wp-block-kadence-spacer aligncenter kt-block-spacer-9703_f7d3e4-29\"><div class=\"kt-block-spacer kt-block-spacer-halign-center\"><hr class=\"kt-divider\"\/><\/div><\/div>\n\n\n\n<div class=\"wp-block-cover alignfull is-light has-theme-1-color has-text-color has-link-color wp-elements-5ae8264d69248a8777b6af759b0830b7\" style=\"margin-top:0;padding-top:5vw;padding-right:5vw;padding-bottom:5vw;padding-left:5vw;min-height:314px;aspect-ratio:unset;\"><span aria-hidden=\"true\" class=\"wp-block-cover__background has-theme-5-background-color has-background-dim-100 has-background-dim\"><\/span><div class=\"wp-block-cover__inner-container is-layout-flow wp-block-cover-is-layout-flow\">\n<div class=\"wp-block-group is-layout-flex wp-container-core-group-is-layout-d0921e6e wp-block-group-is-layout-flex\">\n<div class=\"wp-block-group wp-container-content-9cfa9a5a is-layout-flow wp-container-core-group-is-layout-d6743c7d wp-block-group-is-layout-flow\">\n<p class=\"has-text-align-center has-theme-1-color has-theme-5-background-color has-text-color has-background\" style=\"padding-top:var(--wp--preset--spacing--50);padding-right:0;padding-bottom:var(--wp--preset--spacing--50);padding-left:0;font-size:clamp(33.419px, 2.089rem + ((1vw - 3.2px) * 2.077), 60px);letter-spacing:0px;line-height:0.8;text-transform:capitalize\"><strong><strong><strong><strong><strong><strong><strong><strong>Vill du prata om ditt projekt?<\/strong><\/strong><\/strong><\/strong><\/strong><\/strong><\/strong><\/strong><\/p>\n\n\n\n<div class=\"wp-block-buttons is-content-justification-center is-layout-flex wp-container-core-buttons-is-layout-a89b3969 wp-block-buttons-is-layout-flex\">\n<div class=\"wp-block-button\"><a class=\"wp-block-button__link has-theme-5-color has-theme-1-background-color has-text-color has-background has-custom-font-size wp-element-button\" href=\"https:\/\/wolfblanc.com\/sv\/contact\/\" style=\"border-radius:100px;border-top-style:none;border-top-width:0px;border-right-style:none;border-right-width:0px;border-bottom-style:none;border-bottom-width:0px;border-left-style:none;border-left-width:0px;padding-top:14px;padding-right:36px;padding-bottom:14px;padding-left:36px;font-size:clamp(14px, 0.875rem + ((1vw - 3.2px) * 0.234), 17px);letter-spacing:0px;text-decoration:none;text-transform:capitalize\"><strong>Boka en kostnadsfri konsultation \u2192<\/strong><\/a><\/div>\n<\/div>\n<\/div>\n<\/div>\n<\/div><\/div>","protected":false},"excerpt":{"rendered":"<p>Our Team Wolfblanc is led by registered architects. Every project is handled directly by them, from the first conversation to completion. Dolores Leading Architect Dolores is Spanish and Swedish. She trained as an architect at ETSAM, the Escuela T\u00e9cnica Superior de Arquitectura de Madrid, one of Europe&#8217;s most respected architecture schools and part of the [&hellip;]<\/p>\n","protected":false},"author":1,"featured_media":7617,"parent":0,"menu_order":0,"comment_status":"closed","ping_status":"closed","template":"pages-without-title","meta":{"iawp_total_views":13,"_vp_format_video_url":"","_vp_image_focal_point":[],"footnotes":""},"class_list":["post-9703","page","type-page","status-publish","has-post-thumbnail","hentry"],"_links":{"self":[{"href":"https:\/\/wolfblanc.com\/sv\/wp-json\/wp\/v2\/pages\/9703","targetHints":{"allow":["GET"]}}],"collection":[{"href":"https:\/\/wolfblanc.com\/sv\/wp-json\/wp\/v2\/pages"}],"about":[{"href":"https:\/\/wolfblanc.com\/sv\/wp-json\/wp\/v2\/types\/page"}],"author":[{"embeddable":true,"href":"https:\/\/wolfblanc.com\/sv\/wp-json\/wp\/v2\/users\/1"}],"replies":[{"embeddable":true,"href":"https:\/\/wolfblanc.com\/sv\/wp-json\/wp\/v2\/comments?post=9703"}],"version-history":[{"count":0,"href":"https:\/\/wolfblanc.com\/sv\/wp-json\/wp\/v2\/pages\/9703\/revisions"}],"wp:featuredmedia":[{"embeddable":true,"href":"https:\/\/wolfblanc.com\/sv\/wp-json\/wp\/v2\/media\/7617"}],"wp:attachment":[{"href":"https:\/\/wolfblanc.com\/sv\/wp-json\/wp\/v2\/media?parent=9703"}],"curies":[{"name":"wp","href":"https:\/\/api.w.org\/{rel}","templated":true}]}}

<h2 class="wp-block-heading has-text-align-center">Vårt Team</h2>



<p class="has-text-align-center has-small-font-size">Wolfblanc leds av registrerade arkitekter. <br>Varje projekt hanteras direkt av dem, från det första samtalet till slutförandet.</p>


<div class="kb-row-layout-wrap kb-row-layout-id9703_2309b4-c2 alignnone wp-block-kadence-rowlayout"><div class="kt-row-column-wrap kt-has-2-columns kt-row-layout-equal kt-tab-layout-inherit kt-mobile-layout-row kt-row-valign-top">

<div class="wp-block-kadence-column kadence-column9703_454616-af"><div class="kt-inside-inner-col">
<figure class="wp-block-image alignleft size-full is-resized" style="margin-right:0;margin-left:0"><noscript><img decoding="async" width="756" height="1024" data-skip-lazy src="https://wolfblanc.com/wp-content/uploads/2026/01/DOLORES_lwsoptimized.webp" alt="" class="wp-image-7613" style="width:300px" srcset="https://wolfblanc.com/wp-content/uploads/2026/01/DOLORES_lwsoptimized.webp 756w, https://wolfblanc.com/wp-content/uploads/2026/01/DOLORES_lwsoptimized-221x300.webp 221w, https://wolfblanc.com/wp-content/uploads/2026/01/DOLORES_lwsoptimized-9x12.webp 9w, https://wolfblanc.com/wp-content/uploads/2026/01/DOLORES_lwsoptimized-500x677.webp 500w" sizes="(max-width: 756px) 100vw, 756px" /></noscript><img decoding="async" width="756" height="1024" src="https://wolfblanc.com/wp-content/uploads/2026/01/DOLORES_lwsoptimized.webp" alt class="wp-image-7613 vp-lazyload" style="width:300px" srcset="data:image/svg+xml;base64,PHN2ZyB3aWR0aD0iNzU2IiBoZWlnaHQ9IjEwMjQiIHZpZXdCb3g9IjAgMCA3NTYgMTAyNCIgZmlsbD0ibm9uZSIgeG1sbnM9Imh0dHA6Ly93d3cudzMub3JnLzIwMDAvc3ZnIj48L3N2Zz4=" data-src="https://wolfblanc.com/wp-content/uploads/2026/01/DOLORES_lwsoptimized.webp" data-srcset="https://wolfblanc.com/wp-content/uploads/2026/01/DOLORES_lwsoptimized.webp 756w, https://wolfblanc.com/wp-content/uploads/2026/01/DOLORES_lwsoptimized-221x300.webp 221w, https://wolfblanc.com/wp-content/uploads/2026/01/DOLORES_lwsoptimized-9x12.webp 9w, https://wolfblanc.com/wp-content/uploads/2026/01/DOLORES_lwsoptimized-500x677.webp 500w" data-sizes="auto" loading="eager"></figure>



<p class="has-medium-font-size"><strong>Dolores</strong></p>



<p class="has-text-color has-link-color wp-elements-4c51a13c120baf9d68052acb8fa13d87" style="color:#707070"><em>Ledande arkitekt</em></p>



<p>Dolores är spansk och svensk. Hon utbildade sig till arkitekt vid ETSAM, Escuela Técnica Superior de Arquitectura de Madrid, en av Europas mest respekterade arkitektskolor och en del av Universidad Politécnica de Madrid. Hon byggde upp sin yrkeserfarenhet i Spanien och Sverige, där hon ledde komplexa bostads- och blandfastighetsprojekt för några av de största nordiska byggherrarna, däribland Skanska, JM, Bonava och Serneke.</p>



<p>Hon har en masterexamen i hållbar design och bioklimatisk arkitektur från Barcelonas universitet och har genomgått en specialistutbildning i cirkulärt byggande i Stockholm. Hon är en registrerad arkitekt med ytterligare yrkeslicens i Spanien (COAM, Colegio Oficial de Arquitectos de Madrid) och en WELL Accredited Professional.</p>
</div></div>



<div class="wp-block-kadence-column kadence-column9703_7637d0-d0"><div class="kt-inside-inner-col">
<figure class="wp-block-image alignleft size-full is-resized" style="margin-right:0;margin-left:0"><noscript><img decoding="async" width="762" height="1024" data-skip-lazy src="https://wolfblanc.com/wp-content/uploads/2026/04/DIMITRIS.jpg" alt="" class="wp-image-9349" style="width:305px" srcset="https://wolfblanc.com/wp-content/uploads/2026/04/DIMITRIS.jpg 762w, https://wolfblanc.com/wp-content/uploads/2026/04/DIMITRIS-223x300.jpg 223w, https://wolfblanc.com/wp-content/uploads/2026/04/DIMITRIS-9x12.jpg 9w, https://wolfblanc.com/wp-content/uploads/2026/04/DIMITRIS-500x672.jpg 500w" sizes="(max-width: 762px) 100vw, 762px" /></noscript><img decoding="async" width="762" height="1024" src="https://wolfblanc.com/wp-content/uploads/2026/04/DIMITRIS.jpg" alt class="wp-image-9349 vp-lazyload" style="width:305px" srcset="data:image/svg+xml;base64,PHN2ZyB3aWR0aD0iNzYyIiBoZWlnaHQ9IjEwMjQiIHZpZXdCb3g9IjAgMCA3NjIgMTAyNCIgZmlsbD0ibm9uZSIgeG1sbnM9Imh0dHA6Ly93d3cudzMub3JnLzIwMDAvc3ZnIj48L3N2Zz4=" data-src="https://wolfblanc.com/wp-content/uploads/2026/04/DIMITRIS.jpg" data-srcset="https://wolfblanc.com/wp-content/uploads/2026/04/DIMITRIS.jpg 762w, https://wolfblanc.com/wp-content/uploads/2026/04/DIMITRIS-223x300.jpg 223w, https://wolfblanc.com/wp-content/uploads/2026/04/DIMITRIS-9x12.jpg 9w, https://wolfblanc.com/wp-content/uploads/2026/04/DIMITRIS-500x672.jpg 500w" data-sizes="auto" loading="eager"></figure>



<p class="has-medium-font-size"><strong>Dimitrios</strong></p>



<p class="has-text-color has-link-color wp-elements-4c51a13c120baf9d68052acb8fa13d87" style="color:#707070"><em>Ledande arkitekt</em></p>



<p>Dimitrios är grek och svensk. Han har en integrerad masterexamen i arkitektur och ingenjörsvetenskap från National Technical University of Athens, ett av Europas ledande tekniska universitet, och en masterexamen i entreprenörskap och innovationsledning från KTH i Stockholm. Han fortsatte med att leda stora bostads- och kommersiella projekt för byggherrar som Skanska, Einar Mattsson och JM.</p>



<p>Han är registrerad arkitekt med ytterligare yrkeslicens i Grekland (TEE-TCG). På Wolfblanc leder han projektledning, BIM-samordning, affärsutveckling samt studions strategi och verksamhet i Spanien, Sverige och Grekland.</p>
</div></div>

</div></div>


<div class="wp-block-kadence-spacer aligncenter kt-block-spacer-9703_4f258a-7d"><div class="kt-block-spacer kt-block-spacer-halign-center"><hr class="kt-divider"/></div></div>



<p class="has-text-align-center has-medium-font-size"><strong><strong><strong><strong>Våra team</strong></strong></strong></strong></p>



<div class="wp-block-kadence-column kadence-column9703_e6a168-f3"><div class="kt-inside-inner-col">
<p class="has-text-align-center">Tillsammans leder Dolores och Dimitrios ett team av arkitekter, designers, ingenjörer och specialiserade medarbetare med över två decenniers samlad erfarenhet av arkitektur, bostadsutveckling, kommersiella interiörer och design för hotell- och restaurangbranschen.</p>
</div></div>


<div class="kb-row-layout-wrap kb-row-layout-id9703_179a28-ff alignnone wp-block-kadence-rowlayout"><div class="kt-row-column-wrap kt-has-4-columns kt-row-layout-equal kt-tab-layout-inherit kt-mobile-layout-row kt-row-valign-top">

<div class="wp-block-kadence-column kadence-column9703_04b29a-b1"><div class="kt-inside-inner-col">
<p class="has-text-align-center has-medium-font-size"><strong>Studio</strong></p>



<p class="has-text-align-center has-small-font-size"> Arkitekter, designers, koncept- och visualiseringsspecialister</p>
</div></div>



<div class="wp-block-kadence-column kadence-column9703_90c112-aa"><div class="kt-inside-inner-col">
<p class="has-text-align-center has-medium-font-size"><strong>Produktion </strong></p>



<p class="has-text-align-center has-small-font-size">Byggsamordning, platsledning, tekniskt utförande</p>
</div></div>



<div class="wp-block-kadence-column kadence-column9703_87cce7-4b"><div class="kt-inside-inner-col">
<p class="has-text-align-center has-medium-font-size"><strong>Ingenjörskonst</strong></p>



<p class="has-text-align-center has-small-font-size"> Struktur-, MEP- och tekniska konsulter</p>
</div></div>



<div class="wp-block-kadence-column kadence-column9703_5a25c5-54"><div class="kt-inside-inner-col">
<p class="has-text-align-center has-medium-font-size"><strong>Medarbetare </strong></p>



<p class="has-text-align-center has-small-font-size">Specialiserade partners i Spanien, Sverige och Grekland</p>
</div></div>

</div></div>


<div class="wp-block-kadence-spacer aligncenter kt-block-spacer-9703_f7d3e4-29"><div class="kt-block-spacer kt-block-spacer-halign-center"><hr class="kt-divider"/></div></div>



<div class="wp-block-cover alignfull is-light has-theme-1-color has-text-color has-link-color wp-elements-5ae8264d69248a8777b6af759b0830b7" style="margin-top:0;padding-top:5vw;padding-right:5vw;padding-bottom:5vw;padding-left:5vw;min-height:314px;aspect-ratio:unset;"><span aria-hidden="true" class="wp-block-cover__background has-theme-5-background-color has-background-dim-100 has-background-dim"></span><div class="wp-block-cover__inner-container is-layout-flow wp-block-cover-is-layout-flow">
<div class="wp-block-group is-layout-flex wp-container-core-group-is-layout-d0921e6e wp-block-group-is-layout-flex">
<div class="wp-block-group wp-container-content-9cfa9a5a is-layout-flow wp-container-core-group-is-layout-d6743c7d wp-block-group-is-layout-flow">
<p class="has-text-align-center has-theme-1-color has-theme-5-background-color has-text-color has-background" style="padding-top:var(--wp--preset--spacing--50);padding-right:0;padding-bottom:var(--wp--preset--spacing--50);padding-left:0;font-size:clamp(33.419px, 2.089rem + ((1vw - 3.2px) * 2.077), 60px);letter-spacing:0px;line-height:0.8;text-transform:capitalize"><strong><strong><strong><strong><strong><strong><strong><strong>Vill du prata om ditt projekt?</strong></strong></strong></strong></strong></strong></strong></strong></p>



<div class="wp-block-buttons is-content-justification-center is-layout-flex wp-container-core-buttons-is-layout-a89b3969 wp-block-buttons-is-layout-flex">
<div class="wp-block-button"><a class="wp-block-button__link has-theme-5-color has-theme-1-background-color has-text-color has-background has-custom-font-size wp-element-button" href="https://wolfblanc.com/sv/contact/" style="border-radius:100px;border-top-style:none;border-top-width:0px;border-right-style:none;border-right-width:0px;border-bottom-style:none;border-bottom-width:0px;border-left-style:none;border-left-width:0px;padding-top:14px;padding-right:36px;padding-bottom:14px;padding-left:36px;font-size:clamp(14px, 0.875rem + ((1vw - 3.2px) * 0.234), 17px);letter-spacing:0px;text-decoration:none;text-transform:capitalize"><strong>Boka en kostnadsfri konsultation →</strong></a></div>
</div>
</div>
</div>
</div></div>

<p>Our Team Wolfblanc is led by registered architects. Every project is handled directly by them, from the first conversation to completion. Dolores Leading Architect Dolores is Spanish and Swedish. She trained as an architect at ETSAM, the Escuela Técnica Superior de Arquitectura de Madrid, one of Europe&#8217;s most respected architecture schools and part of the [&hellip;]</p>
