{"id":9703,"date":"2026-04-29T12:35:00","date_gmt":"2026-04-29T12:35:00","guid":{"rendered":"https:\/\/wolfblanc.com\/?page_id=9703"},"modified":"2026-04-29T14:23:23","modified_gmt":"2026-04-29T14:23:23","slug":"architects","status":"publish","type":"page","link":"https:\/\/wolfblanc.com\/es\/architects\/","title":{"rendered":"Arquitectos"},"content":{"rendered":"<h2 class=\"wp-block-heading has-text-align-center\">Nuestro Equipo<\/h2>\n\n\n\n<p class=\"has-text-align-center has-small-font-size\">Wolfblanc est\u00e1 dirigida por arquitectos colegiados. <br>Se encargan directamente de cada proyecto, desde la primera conversaci\u00f3n hasta su finalizaci\u00f3n.<\/p>\n\n\n<div class=\"kb-row-layout-wrap kb-row-layout-id9703_2309b4-c2 alignnone wp-block-kadence-rowlayout\"><div class=\"kt-row-column-wrap kt-has-2-columns kt-row-layout-equal kt-tab-layout-inherit kt-mobile-layout-row kt-row-valign-top\">\n\n<div class=\"wp-block-kadence-column kadence-column9703_454616-af\"><div class=\"kt-inside-inner-col\">\n<figure class=\"wp-block-image alignleft size-full is-resized\" style=\"margin-right:0;margin-left:0\"><noscript><img decoding=\"async\" width=\"756\" height=\"1024\" data-skip-lazy src=\"https:\/\/wolfblanc.com\/wp-content\/uploads\/2026\/01\/DOLORES_lwsoptimized.webp\" alt=\"\" class=\"wp-image-7613\" style=\"width:300px\" srcset=\"https:\/\/wolfblanc.com\/wp-content\/uploads\/2026\/01\/DOLORES_lwsoptimized.webp 756w, https:\/\/wolfblanc.com\/wp-content\/uploads\/2026\/01\/DOLORES_lwsoptimized-221x300.webp 221w, https:\/\/wolfblanc.com\/wp-content\/uploads\/2026\/01\/DOLORES_lwsoptimized-9x12.webp 9w, https:\/\/wolfblanc.com\/wp-content\/uploads\/2026\/01\/DOLORES_lwsoptimized-500x677.webp 500w\" sizes=\"(max-width: 756px) 100vw, 756px\" \/><\/noscript><img decoding=\"async\" width=\"756\" height=\"1024\" src=\"https:\/\/wolfblanc.com\/wp-content\/uploads\/2026\/01\/DOLORES_lwsoptimized.webp\" alt class=\"wp-image-7613 vp-lazyload\" style=\"width:300px\" srcset=\"data:image\/svg+xml;base64,PHN2ZyB3aWR0aD0iNzU2IiBoZWlnaHQ9IjEwMjQiIHZpZXdCb3g9IjAgMCA3NTYgMTAyNCIgZmlsbD0ibm9uZSIgeG1sbnM9Imh0dHA6Ly93d3cudzMub3JnLzIwMDAvc3ZnIj48L3N2Zz4=\" data-src=\"https:\/\/wolfblanc.com\/wp-content\/uploads\/2026\/01\/DOLORES_lwsoptimized.webp\" data-srcset=\"https:\/\/wolfblanc.com\/wp-content\/uploads\/2026\/01\/DOLORES_lwsoptimized.webp 756w, https:\/\/wolfblanc.com\/wp-content\/uploads\/2026\/01\/DOLORES_lwsoptimized-221x300.webp 221w, https:\/\/wolfblanc.com\/wp-content\/uploads\/2026\/01\/DOLORES_lwsoptimized-9x12.webp 9w, https:\/\/wolfblanc.com\/wp-content\/uploads\/2026\/01\/DOLORES_lwsoptimized-500x677.webp 500w\" data-sizes=\"auto\" loading=\"eager\"><\/figure>\n\n\n\n<p class=\"has-medium-font-size\"><strong>Dolores<\/strong><\/p>\n\n\n\n<p class=\"has-text-color has-link-color wp-elements-4c51a13c120baf9d68052acb8fa13d87\" style=\"color:#707070\"><em>Arquitecto jefe<\/em><\/p>\n\n\n\n<p>Dolores es espa\u00f1ola y sueca. Se form\u00f3 como arquitecta en la ETSAM, la Escuela T\u00e9cnica Superior de Arquitectura de Madrid, una de las escuelas de arquitectura m\u00e1s respetadas de Europa y parte de la Universidad Polit\u00e9cnica de Madrid. Desarroll\u00f3 su experiencia profesional en Espa\u00f1a y Suecia, dirigiendo complejos proyectos residenciales y de uso mixto para algunos de los mayores promotores n\u00f3rdicos, como Skanska, JM, Bonava y Serneke.<\/p>\n\n\n\n<p>Posee un M\u00e1ster en Dise\u00f1o Sostenible y Arquitectura Bioclim\u00e1tica por la Universidad de Barcelona y complet\u00f3 una formaci\u00f3n especializada en construcci\u00f3n circular en Estocolmo. Es arquitecta colegiada con licencia profesional adicional en Espa\u00f1a (COAM, Colegio Oficial de Arquitectos de Madrid) y Profesional Acreditada WELL.<\/p>\n<\/div><\/div>\n\n\n\n<div class=\"wp-block-kadence-column kadence-column9703_7637d0-d0\"><div class=\"kt-inside-inner-col\">\n<figure class=\"wp-block-image alignleft size-full is-resized\" style=\"margin-right:0;margin-left:0\"><noscript><img decoding=\"async\" width=\"762\" height=\"1024\" data-skip-lazy src=\"https:\/\/wolfblanc.com\/wp-content\/uploads\/2026\/04\/DIMITRIS.jpg\" alt=\"\" class=\"wp-image-9349\" style=\"width:305px\" srcset=\"https:\/\/wolfblanc.com\/wp-content\/uploads\/2026\/04\/DIMITRIS.jpg 762w, https:\/\/wolfblanc.com\/wp-content\/uploads\/2026\/04\/DIMITRIS-223x300.jpg 223w, https:\/\/wolfblanc.com\/wp-content\/uploads\/2026\/04\/DIMITRIS-9x12.jpg 9w, https:\/\/wolfblanc.com\/wp-content\/uploads\/2026\/04\/DIMITRIS-500x672.jpg 500w\" sizes=\"(max-width: 762px) 100vw, 762px\" \/><\/noscript><img decoding=\"async\" width=\"762\" height=\"1024\" src=\"https:\/\/wolfblanc.com\/wp-content\/uploads\/2026\/04\/DIMITRIS.jpg\" alt class=\"wp-image-9349 vp-lazyload\" style=\"width:305px\" srcset=\"data:image\/svg+xml;base64,PHN2ZyB3aWR0aD0iNzYyIiBoZWlnaHQ9IjEwMjQiIHZpZXdCb3g9IjAgMCA3NjIgMTAyNCIgZmlsbD0ibm9uZSIgeG1sbnM9Imh0dHA6Ly93d3cudzMub3JnLzIwMDAvc3ZnIj48L3N2Zz4=\" data-src=\"https:\/\/wolfblanc.com\/wp-content\/uploads\/2026\/04\/DIMITRIS.jpg\" data-srcset=\"https:\/\/wolfblanc.com\/wp-content\/uploads\/2026\/04\/DIMITRIS.jpg 762w, https:\/\/wolfblanc.com\/wp-content\/uploads\/2026\/04\/DIMITRIS-223x300.jpg 223w, https:\/\/wolfblanc.com\/wp-content\/uploads\/2026\/04\/DIMITRIS-9x12.jpg 9w, https:\/\/wolfblanc.com\/wp-content\/uploads\/2026\/04\/DIMITRIS-500x672.jpg 500w\" data-sizes=\"auto\" loading=\"eager\"><\/figure>\n\n\n\n<p class=\"has-medium-font-size\"><strong>Dimitrios<\/strong><\/p>\n\n\n\n<p class=\"has-text-color has-link-color wp-elements-4c51a13c120baf9d68052acb8fa13d87\" style=\"color:#707070\"><em>Arquitecto jefe<\/em><\/p>\n\n\n\n<p>Dimitrios es griego y sueco. Posee un m\u00e1ster integrado en Arquitectura e Ingenier\u00eda por la Universidad T\u00e9cnica Nacional de Atenas, una de las principales universidades t\u00e9cnicas de Europa, y curs\u00f3 un m\u00e1ster en Gesti\u00f3n Empresarial y de la Innovaci\u00f3n en el Real Instituto de Tecnolog\u00eda KTH de Estocolmo. Posteriormente dirigi\u00f3 grandes proyectos residenciales y comerciales para promotores como Skanska, Einar Mattsson y JM.<\/p>\n\n\n\n<p>Es arquitecto colegiado con licencia profesional adicional en Grecia (TEE-TCG). En Wolfblanc dirige la gesti\u00f3n de proyectos, la coordinaci\u00f3n BIM, el desarrollo empresarial y la estrategia y las operaciones del estudio en Espa\u00f1a, Suecia y Grecia.<\/p>\n<\/div><\/div>\n\n<\/div><\/div>\n\n\n<div class=\"wp-block-kadence-spacer aligncenter kt-block-spacer-9703_4f258a-7d\"><div class=\"kt-block-spacer kt-block-spacer-halign-center\"><hr class=\"kt-divider\"\/><\/div><\/div>\n\n\n\n<p class=\"has-text-align-center has-medium-font-size\"><strong><strong><strong><strong>Nuestros equipos<\/strong><\/strong><\/strong><\/strong><\/p>\n\n\n\n<div class=\"wp-block-kadence-column kadence-column9703_e6a168-f3\"><div class=\"kt-inside-inner-col\">\n<p class=\"has-text-align-center\">Juntos, Dolores y Dimitrios dirigen un equipo de arquitectos, dise\u00f1adores, ingenieros y colaboradores especializados con m\u00e1s de dos d\u00e9cadas de experiencia combinada en arquitectura, desarrollo residencial, interiores comerciales y dise\u00f1o de hosteler\u00eda.<\/p>\n<\/div><\/div>\n\n\n<div class=\"kb-row-layout-wrap kb-row-layout-id9703_179a28-ff alignnone wp-block-kadence-rowlayout\"><div class=\"kt-row-column-wrap kt-has-4-columns kt-row-layout-equal kt-tab-layout-inherit kt-mobile-layout-row kt-row-valign-top\">\n\n<div class=\"wp-block-kadence-column kadence-column9703_04b29a-b1\"><div class=\"kt-inside-inner-col\">\n<p class=\"has-text-align-center has-medium-font-size\"><strong>Estudio<\/strong><\/p>\n\n\n\n<p class=\"has-text-align-center has-small-font-size\"> Arquitectos, dise\u00f1adores, especialistas en concepto y visualizaci\u00f3n<\/p>\n<\/div><\/div>\n\n\n\n<div class=\"wp-block-kadence-column kadence-column9703_90c112-aa\"><div class=\"kt-inside-inner-col\">\n<p class=\"has-text-align-center has-medium-font-size\"><strong>Producci\u00f3n <\/strong><\/p>\n\n\n\n<p class=\"has-text-align-center has-small-font-size\">Coordinaci\u00f3n de la construcci\u00f3n, direcci\u00f3n de obra, ejecuci\u00f3n t\u00e9cnica<\/p>\n<\/div><\/div>\n\n\n\n<div class=\"wp-block-kadence-column kadence-column9703_87cce7-4b\"><div class=\"kt-inside-inner-col\">\n<p class=\"has-text-align-center has-medium-font-size\"><strong>Ingenier\u00eda<\/strong><\/p>\n\n\n\n<p class=\"has-text-align-center has-small-font-size\"> Consultores de estructuras, MEP y t\u00e9cnicos<\/p>\n<\/div><\/div>\n\n\n\n<div class=\"wp-block-kadence-column kadence-column9703_5a25c5-54\"><div class=\"kt-inside-inner-col\">\n<p class=\"has-text-align-center has-medium-font-size\"><strong>Colaboradores <\/strong><\/p>\n\n\n\n<p class=\"has-text-align-center has-small-font-size\">Socios especializados en Espa\u00f1a, Suecia y Grecia<\/p>\n<\/div><\/div>\n\n<\/div><\/div>\n\n\n<div class=\"wp-block-kadence-spacer aligncenter kt-block-spacer-9703_f7d3e4-29\"><div class=\"kt-block-spacer kt-block-spacer-halign-center\"><hr class=\"kt-divider\"\/><\/div><\/div>\n\n\n\n<div class=\"wp-block-cover alignfull is-light has-theme-1-color has-text-color has-link-color wp-elements-5ae8264d69248a8777b6af759b0830b7\" style=\"margin-top:0;padding-top:5vw;padding-right:5vw;padding-bottom:5vw;padding-left:5vw;min-height:314px;aspect-ratio:unset;\"><span aria-hidden=\"true\" class=\"wp-block-cover__background has-theme-5-background-color has-background-dim-100 has-background-dim\"><\/span><div class=\"wp-block-cover__inner-container is-layout-flow wp-block-cover-is-layout-flow\">\n<div class=\"wp-block-group is-layout-flex wp-container-core-group-is-layout-d0921e6e wp-block-group-is-layout-flex\">\n<div class=\"wp-block-group wp-container-content-9cfa9a5a is-layout-flow wp-container-core-group-is-layout-d6743c7d wp-block-group-is-layout-flow\">\n<p class=\"has-text-align-center has-theme-1-color has-theme-5-background-color has-text-color has-background\" style=\"padding-top:var(--wp--preset--spacing--50);padding-right:0;padding-bottom:var(--wp--preset--spacing--50);padding-left:0;font-size:clamp(33.419px, 2.089rem + ((1vw - 3.2px) * 2.077), 60px);letter-spacing:0px;line-height:0.8;text-transform:capitalize\"><strong><strong><strong><strong><strong><strong><strong><strong>\u00bfQuiere hablar de su proyecto?<\/strong><\/strong><\/strong><\/strong><\/strong><\/strong><\/strong><\/strong><\/p>\n\n\n\n<div class=\"wp-block-buttons is-content-justification-center is-layout-flex wp-container-core-buttons-is-layout-a89b3969 wp-block-buttons-is-layout-flex\">\n<div class=\"wp-block-button\"><a class=\"wp-block-button__link has-theme-5-color has-theme-1-background-color has-text-color has-background has-custom-font-size wp-element-button\" href=\"https:\/\/wolfblanc.com\/es\/contact\/\" style=\"border-radius:100px;border-top-style:none;border-top-width:0px;border-right-style:none;border-right-width:0px;border-bottom-style:none;border-bottom-width:0px;border-left-style:none;border-left-width:0px;padding-top:14px;padding-right:36px;padding-bottom:14px;padding-left:36px;font-size:clamp(14px, 0.875rem + ((1vw - 3.2px) * 0.234), 17px);letter-spacing:0px;text-decoration:none;text-transform:capitalize\"><strong>Reserva una consulta gratuita \u2192<\/strong><\/a><\/div>\n<\/div>\n<\/div>\n<\/div>\n<\/div><\/div>","protected":false},"excerpt":{"rendered":"<p>Our Team Wolfblanc is led by registered architects. Every project is handled directly by them, from the first conversation to completion. Dolores Leading Architect Dolores is Spanish and Swedish. She trained as an architect at ETSAM, the Escuela T\u00e9cnica Superior de Arquitectura de Madrid, one of Europe&#8217;s most respected architecture schools and part of the [&hellip;]<\/p>\n","protected":false},"author":1,"featured_media":7617,"parent":0,"menu_order":0,"comment_status":"closed","ping_status":"closed","template":"pages-without-title","meta":{"iawp_total_views":13,"_vp_format_video_url":"","_vp_image_focal_point":[],"footnotes":""},"class_list":["post-9703","page","type-page","status-publish","has-post-thumbnail","hentry"],"_links":{"self":[{"href":"https:\/\/wolfblanc.com\/es\/wp-json\/wp\/v2\/pages\/9703","targetHints":{"allow":["GET"]}}],"collection":[{"href":"https:\/\/wolfblanc.com\/es\/wp-json\/wp\/v2\/pages"}],"about":[{"href":"https:\/\/wolfblanc.com\/es\/wp-json\/wp\/v2\/types\/page"}],"author":[{"embeddable":true,"href":"https:\/\/wolfblanc.com\/es\/wp-json\/wp\/v2\/users\/1"}],"replies":[{"embeddable":true,"href":"https:\/\/wolfblanc.com\/es\/wp-json\/wp\/v2\/comments?post=9703"}],"version-history":[{"count":0,"href":"https:\/\/wolfblanc.com\/es\/wp-json\/wp\/v2\/pages\/9703\/revisions"}],"wp:featuredmedia":[{"embeddable":true,"href":"https:\/\/wolfblanc.com\/es\/wp-json\/wp\/v2\/media\/7617"}],"wp:attachment":[{"href":"https:\/\/wolfblanc.com\/es\/wp-json\/wp\/v2\/media?parent=9703"}],"curies":[{"name":"wp","href":"https:\/\/api.w.org\/{rel}","templated":true}]}}

<h2 class="wp-block-heading has-text-align-center">Nuestro Equipo</h2>



<p class="has-text-align-center has-small-font-size">Wolfblanc está dirigida por arquitectos colegiados. <br>Se encargan directamente de cada proyecto, desde la primera conversación hasta su finalización.</p>


<div class="kb-row-layout-wrap kb-row-layout-id9703_2309b4-c2 alignnone wp-block-kadence-rowlayout"><div class="kt-row-column-wrap kt-has-2-columns kt-row-layout-equal kt-tab-layout-inherit kt-mobile-layout-row kt-row-valign-top">

<div class="wp-block-kadence-column kadence-column9703_454616-af"><div class="kt-inside-inner-col">
<figure class="wp-block-image alignleft size-full is-resized" style="margin-right:0;margin-left:0"><noscript><img decoding="async" width="756" height="1024" data-skip-lazy src="https://wolfblanc.com/wp-content/uploads/2026/01/DOLORES_lwsoptimized.webp" alt="" class="wp-image-7613" style="width:300px" srcset="https://wolfblanc.com/wp-content/uploads/2026/01/DOLORES_lwsoptimized.webp 756w, https://wolfblanc.com/wp-content/uploads/2026/01/DOLORES_lwsoptimized-221x300.webp 221w, https://wolfblanc.com/wp-content/uploads/2026/01/DOLORES_lwsoptimized-9x12.webp 9w, https://wolfblanc.com/wp-content/uploads/2026/01/DOLORES_lwsoptimized-500x677.webp 500w" sizes="(max-width: 756px) 100vw, 756px" /></noscript><img decoding="async" width="756" height="1024" src="https://wolfblanc.com/wp-content/uploads/2026/01/DOLORES_lwsoptimized.webp" alt class="wp-image-7613 vp-lazyload" style="width:300px" srcset="data:image/svg+xml;base64,PHN2ZyB3aWR0aD0iNzU2IiBoZWlnaHQ9IjEwMjQiIHZpZXdCb3g9IjAgMCA3NTYgMTAyNCIgZmlsbD0ibm9uZSIgeG1sbnM9Imh0dHA6Ly93d3cudzMub3JnLzIwMDAvc3ZnIj48L3N2Zz4=" data-src="https://wolfblanc.com/wp-content/uploads/2026/01/DOLORES_lwsoptimized.webp" data-srcset="https://wolfblanc.com/wp-content/uploads/2026/01/DOLORES_lwsoptimized.webp 756w, https://wolfblanc.com/wp-content/uploads/2026/01/DOLORES_lwsoptimized-221x300.webp 221w, https://wolfblanc.com/wp-content/uploads/2026/01/DOLORES_lwsoptimized-9x12.webp 9w, https://wolfblanc.com/wp-content/uploads/2026/01/DOLORES_lwsoptimized-500x677.webp 500w" data-sizes="auto" loading="eager"></figure>



<p class="has-medium-font-size"><strong>Dolores</strong></p>



<p class="has-text-color has-link-color wp-elements-4c51a13c120baf9d68052acb8fa13d87" style="color:#707070"><em>Arquitecto jefe</em></p>



<p>Dolores es española y sueca. Se formó como arquitecta en la ETSAM, la Escuela Técnica Superior de Arquitectura de Madrid, una de las escuelas de arquitectura más respetadas de Europa y parte de la Universidad Politécnica de Madrid. Desarrolló su experiencia profesional en España y Suecia, dirigiendo complejos proyectos residenciales y de uso mixto para algunos de los mayores promotores nórdicos, como Skanska, JM, Bonava y Serneke.</p>



<p>Posee un Máster en Diseño Sostenible y Arquitectura Bioclimática por la Universidad de Barcelona y completó una formación especializada en construcción circular en Estocolmo. Es arquitecta colegiada con licencia profesional adicional en España (COAM, Colegio Oficial de Arquitectos de Madrid) y Profesional Acreditada WELL.</p>
</div></div>



<div class="wp-block-kadence-column kadence-column9703_7637d0-d0"><div class="kt-inside-inner-col">
<figure class="wp-block-image alignleft size-full is-resized" style="margin-right:0;margin-left:0"><noscript><img decoding="async" width="762" height="1024" data-skip-lazy src="https://wolfblanc.com/wp-content/uploads/2026/04/DIMITRIS.jpg" alt="" class="wp-image-9349" style="width:305px" srcset="https://wolfblanc.com/wp-content/uploads/2026/04/DIMITRIS.jpg 762w, https://wolfblanc.com/wp-content/uploads/2026/04/DIMITRIS-223x300.jpg 223w, https://wolfblanc.com/wp-content/uploads/2026/04/DIMITRIS-9x12.jpg 9w, https://wolfblanc.com/wp-content/uploads/2026/04/DIMITRIS-500x672.jpg 500w" sizes="(max-width: 762px) 100vw, 762px" /></noscript><img decoding="async" width="762" height="1024" src="https://wolfblanc.com/wp-content/uploads/2026/04/DIMITRIS.jpg" alt class="wp-image-9349 vp-lazyload" style="width:305px" srcset="data:image/svg+xml;base64,PHN2ZyB3aWR0aD0iNzYyIiBoZWlnaHQ9IjEwMjQiIHZpZXdCb3g9IjAgMCA3NjIgMTAyNCIgZmlsbD0ibm9uZSIgeG1sbnM9Imh0dHA6Ly93d3cudzMub3JnLzIwMDAvc3ZnIj48L3N2Zz4=" data-src="https://wolfblanc.com/wp-content/uploads/2026/04/DIMITRIS.jpg" data-srcset="https://wolfblanc.com/wp-content/uploads/2026/04/DIMITRIS.jpg 762w, https://wolfblanc.com/wp-content/uploads/2026/04/DIMITRIS-223x300.jpg 223w, https://wolfblanc.com/wp-content/uploads/2026/04/DIMITRIS-9x12.jpg 9w, https://wolfblanc.com/wp-content/uploads/2026/04/DIMITRIS-500x672.jpg 500w" data-sizes="auto" loading="eager"></figure>



<p class="has-medium-font-size"><strong>Dimitrios</strong></p>



<p class="has-text-color has-link-color wp-elements-4c51a13c120baf9d68052acb8fa13d87" style="color:#707070"><em>Arquitecto jefe</em></p>



<p>Dimitrios es griego y sueco. Posee un máster integrado en Arquitectura e Ingeniería por la Universidad Técnica Nacional de Atenas, una de las principales universidades técnicas de Europa, y cursó un máster en Gestión Empresarial y de la Innovación en el Real Instituto de Tecnología KTH de Estocolmo. Posteriormente dirigió grandes proyectos residenciales y comerciales para promotores como Skanska, Einar Mattsson y JM.</p>



<p>Es arquitecto colegiado con licencia profesional adicional en Grecia (TEE-TCG). En Wolfblanc dirige la gestión de proyectos, la coordinación BIM, el desarrollo empresarial y la estrategia y las operaciones del estudio en España, Suecia y Grecia.</p>
</div></div>

</div></div>


<div class="wp-block-kadence-spacer aligncenter kt-block-spacer-9703_4f258a-7d"><div class="kt-block-spacer kt-block-spacer-halign-center"><hr class="kt-divider"/></div></div>



<p class="has-text-align-center has-medium-font-size"><strong><strong><strong><strong>Nuestros equipos</strong></strong></strong></strong></p>



<div class="wp-block-kadence-column kadence-column9703_e6a168-f3"><div class="kt-inside-inner-col">
<p class="has-text-align-center">Juntos, Dolores y Dimitrios dirigen un equipo de arquitectos, diseñadores, ingenieros y colaboradores especializados con más de dos décadas de experiencia combinada en arquitectura, desarrollo residencial, interiores comerciales y diseño de hostelería.</p>
</div></div>


<div class="kb-row-layout-wrap kb-row-layout-id9703_179a28-ff alignnone wp-block-kadence-rowlayout"><div class="kt-row-column-wrap kt-has-4-columns kt-row-layout-equal kt-tab-layout-inherit kt-mobile-layout-row kt-row-valign-top">

<div class="wp-block-kadence-column kadence-column9703_04b29a-b1"><div class="kt-inside-inner-col">
<p class="has-text-align-center has-medium-font-size"><strong>Estudio</strong></p>



<p class="has-text-align-center has-small-font-size"> Arquitectos, diseñadores, especialistas en concepto y visualización</p>
</div></div>



<div class="wp-block-kadence-column kadence-column9703_90c112-aa"><div class="kt-inside-inner-col">
<p class="has-text-align-center has-medium-font-size"><strong>Producción </strong></p>



<p class="has-text-align-center has-small-font-size">Coordinación de la construcción, dirección de obra, ejecución técnica</p>
</div></div>



<div class="wp-block-kadence-column kadence-column9703_87cce7-4b"><div class="kt-inside-inner-col">
<p class="has-text-align-center has-medium-font-size"><strong>Ingeniería</strong></p>



<p class="has-text-align-center has-small-font-size"> Consultores de estructuras, MEP y técnicos</p>
</div></div>



<div class="wp-block-kadence-column kadence-column9703_5a25c5-54"><div class="kt-inside-inner-col">
<p class="has-text-align-center has-medium-font-size"><strong>Colaboradores </strong></p>



<p class="has-text-align-center has-small-font-size">Socios especializados en España, Suecia y Grecia</p>
</div></div>

</div></div>


<div class="wp-block-kadence-spacer aligncenter kt-block-spacer-9703_f7d3e4-29"><div class="kt-block-spacer kt-block-spacer-halign-center"><hr class="kt-divider"/></div></div>



<div class="wp-block-cover alignfull is-light has-theme-1-color has-text-color has-link-color wp-elements-5ae8264d69248a8777b6af759b0830b7" style="margin-top:0;padding-top:5vw;padding-right:5vw;padding-bottom:5vw;padding-left:5vw;min-height:314px;aspect-ratio:unset;"><span aria-hidden="true" class="wp-block-cover__background has-theme-5-background-color has-background-dim-100 has-background-dim"></span><div class="wp-block-cover__inner-container is-layout-flow wp-block-cover-is-layout-flow">
<div class="wp-block-group is-layout-flex wp-container-core-group-is-layout-d0921e6e wp-block-group-is-layout-flex">
<div class="wp-block-group wp-container-content-9cfa9a5a is-layout-flow wp-container-core-group-is-layout-d6743c7d wp-block-group-is-layout-flow">
<p class="has-text-align-center has-theme-1-color has-theme-5-background-color has-text-color has-background" style="padding-top:var(--wp--preset--spacing--50);padding-right:0;padding-bottom:var(--wp--preset--spacing--50);padding-left:0;font-size:clamp(33.419px, 2.089rem + ((1vw - 3.2px) * 2.077), 60px);letter-spacing:0px;line-height:0.8;text-transform:capitalize"><strong><strong><strong><strong><strong><strong><strong><strong>¿Quiere hablar de su proyecto?</strong></strong></strong></strong></strong></strong></strong></strong></p>



<div class="wp-block-buttons is-content-justification-center is-layout-flex wp-container-core-buttons-is-layout-a89b3969 wp-block-buttons-is-layout-flex">
<div class="wp-block-button"><a class="wp-block-button__link has-theme-5-color has-theme-1-background-color has-text-color has-background has-custom-font-size wp-element-button" href="https://wolfblanc.com/es/contact/" style="border-radius:100px;border-top-style:none;border-top-width:0px;border-right-style:none;border-right-width:0px;border-bottom-style:none;border-bottom-width:0px;border-left-style:none;border-left-width:0px;padding-top:14px;padding-right:36px;padding-bottom:14px;padding-left:36px;font-size:clamp(14px, 0.875rem + ((1vw - 3.2px) * 0.234), 17px);letter-spacing:0px;text-decoration:none;text-transform:capitalize"><strong>Reserva una consulta gratuita →</strong></a></div>
</div>
</div>
</div>
</div></div>

<p>Our Team Wolfblanc is led by registered architects. Every project is handled directly by them, from the first conversation to completion. Dolores Leading Architect Dolores is Spanish and Swedish. She trained as an architect at ETSAM, the Escuela Técnica Superior de Arquitectura de Madrid, one of Europe&#8217;s most respected architecture schools and part of the [&hellip;]</p>
