{"id":9703,"date":"2026-04-29T12:35:00","date_gmt":"2026-04-29T12:35:00","guid":{"rendered":"https:\/\/wolfblanc.com\/?page_id=9703"},"modified":"2026-04-29T14:23:23","modified_gmt":"2026-04-29T14:23:23","slug":"architects","status":"publish","type":"page","link":"https:\/\/wolfblanc.com\/de\/architects\/","title":{"rendered":"Architekten"},"content":{"rendered":"<h2 class=\"wp-block-heading has-text-align-center\">Unser Team<\/h2>\n\n\n\n<p class=\"has-text-align-center has-small-font-size\">Wolfblanc wird von eingetragenen Architekten geleitet. <br>Jedes Projekt wird direkt von ihnen betreut, vom ersten Gespr\u00e4ch bis zur Fertigstellung.<\/p>\n\n\n<div class=\"kb-row-layout-wrap kb-row-layout-id9703_2309b4-c2 alignnone wp-block-kadence-rowlayout\"><div class=\"kt-row-column-wrap kt-has-2-columns kt-row-layout-equal kt-tab-layout-inherit kt-mobile-layout-row kt-row-valign-top\">\n\n<div class=\"wp-block-kadence-column kadence-column9703_454616-af\"><div class=\"kt-inside-inner-col\">\n<figure class=\"wp-block-image alignleft size-full is-resized\" style=\"margin-right:0;margin-left:0\"><noscript><img decoding=\"async\" width=\"756\" height=\"1024\" data-skip-lazy src=\"https:\/\/wolfblanc.com\/wp-content\/uploads\/2026\/01\/DOLORES_lwsoptimized.webp\" alt=\"\" class=\"wp-image-7613\" style=\"width:300px\" srcset=\"https:\/\/wolfblanc.com\/wp-content\/uploads\/2026\/01\/DOLORES_lwsoptimized.webp 756w, https:\/\/wolfblanc.com\/wp-content\/uploads\/2026\/01\/DOLORES_lwsoptimized-221x300.webp 221w, https:\/\/wolfblanc.com\/wp-content\/uploads\/2026\/01\/DOLORES_lwsoptimized-9x12.webp 9w, https:\/\/wolfblanc.com\/wp-content\/uploads\/2026\/01\/DOLORES_lwsoptimized-500x677.webp 500w\" sizes=\"(max-width: 756px) 100vw, 756px\" \/><\/noscript><img decoding=\"async\" width=\"756\" height=\"1024\" src=\"https:\/\/wolfblanc.com\/wp-content\/uploads\/2026\/01\/DOLORES_lwsoptimized.webp\" alt class=\"wp-image-7613 vp-lazyload\" style=\"width:300px\" srcset=\"data:image\/svg+xml;base64,PHN2ZyB3aWR0aD0iNzU2IiBoZWlnaHQ9IjEwMjQiIHZpZXdCb3g9IjAgMCA3NTYgMTAyNCIgZmlsbD0ibm9uZSIgeG1sbnM9Imh0dHA6Ly93d3cudzMub3JnLzIwMDAvc3ZnIj48L3N2Zz4=\" data-src=\"https:\/\/wolfblanc.com\/wp-content\/uploads\/2026\/01\/DOLORES_lwsoptimized.webp\" data-srcset=\"https:\/\/wolfblanc.com\/wp-content\/uploads\/2026\/01\/DOLORES_lwsoptimized.webp 756w, https:\/\/wolfblanc.com\/wp-content\/uploads\/2026\/01\/DOLORES_lwsoptimized-221x300.webp 221w, https:\/\/wolfblanc.com\/wp-content\/uploads\/2026\/01\/DOLORES_lwsoptimized-9x12.webp 9w, https:\/\/wolfblanc.com\/wp-content\/uploads\/2026\/01\/DOLORES_lwsoptimized-500x677.webp 500w\" data-sizes=\"auto\" loading=\"eager\"><\/figure>\n\n\n\n<p class=\"has-medium-font-size\"><strong>Dolores<\/strong><\/p>\n\n\n\n<p class=\"has-text-color has-link-color wp-elements-4c51a13c120baf9d68052acb8fa13d87\" style=\"color:#707070\"><em>F\u00fchrender Architekt<\/em><\/p>\n\n\n\n<p>Dolores ist Spanierin und Schwedin. Sie absolvierte ihre Ausbildung zur Architektin an der ETSAM, der Escuela T\u00e9cnica Superior de Arquitectura de Madrid, einer der angesehensten Architekturschulen Europas und Teil der Universidad Polit\u00e9cnica de Madrid. Sie sammelte ihre Berufserfahrung in Spanien und Schweden und leitete komplexe Wohn- und Mischnutzungsprojekte f\u00fcr einige der gr\u00f6\u00dften nordischen Bautr\u00e4ger, darunter Skanska, JM, Bonava und Serneke.<\/p>\n\n\n\n<p>Sie hat einen Master in nachhaltigem Design und bioklimatischer Architektur von der Universit\u00e4t Barcelona und absolvierte eine Spezialausbildung in Kreislaufbau in Stockholm. Sie ist eingetragene Architektin mit zus\u00e4tzlicher Berufszulassung in Spanien (COAM, Colegio Oficial de Arquitectos de Madrid) und ein WELL Accredited Professional.<\/p>\n<\/div><\/div>\n\n\n\n<div class=\"wp-block-kadence-column kadence-column9703_7637d0-d0\"><div class=\"kt-inside-inner-col\">\n<figure class=\"wp-block-image alignleft size-full is-resized\" style=\"margin-right:0;margin-left:0\"><noscript><img decoding=\"async\" width=\"762\" height=\"1024\" data-skip-lazy src=\"https:\/\/wolfblanc.com\/wp-content\/uploads\/2026\/04\/DIMITRIS.jpg\" alt=\"\" class=\"wp-image-9349\" style=\"width:305px\" srcset=\"https:\/\/wolfblanc.com\/wp-content\/uploads\/2026\/04\/DIMITRIS.jpg 762w, https:\/\/wolfblanc.com\/wp-content\/uploads\/2026\/04\/DIMITRIS-223x300.jpg 223w, https:\/\/wolfblanc.com\/wp-content\/uploads\/2026\/04\/DIMITRIS-9x12.jpg 9w, https:\/\/wolfblanc.com\/wp-content\/uploads\/2026\/04\/DIMITRIS-500x672.jpg 500w\" sizes=\"(max-width: 762px) 100vw, 762px\" \/><\/noscript><img decoding=\"async\" width=\"762\" height=\"1024\" src=\"https:\/\/wolfblanc.com\/wp-content\/uploads\/2026\/04\/DIMITRIS.jpg\" alt class=\"wp-image-9349 vp-lazyload\" style=\"width:305px\" srcset=\"data:image\/svg+xml;base64,PHN2ZyB3aWR0aD0iNzYyIiBoZWlnaHQ9IjEwMjQiIHZpZXdCb3g9IjAgMCA3NjIgMTAyNCIgZmlsbD0ibm9uZSIgeG1sbnM9Imh0dHA6Ly93d3cudzMub3JnLzIwMDAvc3ZnIj48L3N2Zz4=\" data-src=\"https:\/\/wolfblanc.com\/wp-content\/uploads\/2026\/04\/DIMITRIS.jpg\" data-srcset=\"https:\/\/wolfblanc.com\/wp-content\/uploads\/2026\/04\/DIMITRIS.jpg 762w, https:\/\/wolfblanc.com\/wp-content\/uploads\/2026\/04\/DIMITRIS-223x300.jpg 223w, https:\/\/wolfblanc.com\/wp-content\/uploads\/2026\/04\/DIMITRIS-9x12.jpg 9w, https:\/\/wolfblanc.com\/wp-content\/uploads\/2026\/04\/DIMITRIS-500x672.jpg 500w\" data-sizes=\"auto\" loading=\"eager\"><\/figure>\n\n\n\n<p class=\"has-medium-font-size\"><strong>Dimitrios<\/strong><\/p>\n\n\n\n<p class=\"has-text-color has-link-color wp-elements-4c51a13c120baf9d68052acb8fa13d87\" style=\"color:#707070\"><em>F\u00fchrender Architekt<\/em><\/p>\n\n\n\n<p>Dimitrios ist Grieche und Schwede. Er verf\u00fcgt \u00fcber einen integrierten Master-Abschluss in Architektur und Ingenieurwesen von der Nationalen Technischen Universit\u00e4t Athen, einer der f\u00fchrenden technischen Universit\u00e4ten Europas, und hat einen Master-Abschluss in Unternehmertum und Innovationsmanagement an der K\u00f6niglichen Technischen Hochschule KTH in Stockholm erworben. Anschlie\u00dfend leitete er gro\u00dfe Wohn- und Gewerbeprojekte f\u00fcr Bautr\u00e4ger wie Skanska, Einar Mattsson und JM.<\/p>\n\n\n\n<p>Er ist ein eingetragener Architekt mit zus\u00e4tzlicher Berufszulassung in Griechenland (TEE-TCG). Bei Wolfblanc leitet er das Projektmanagement, die BIM-Koordination, die Gesch\u00e4ftsentwicklung sowie die Strategie und den Betrieb des Studios in Spanien, Schweden und Griechenland.<\/p>\n<\/div><\/div>\n\n<\/div><\/div>\n\n\n<div class=\"wp-block-kadence-spacer aligncenter kt-block-spacer-9703_4f258a-7d\"><div class=\"kt-block-spacer kt-block-spacer-halign-center\"><hr class=\"kt-divider\"\/><\/div><\/div>\n\n\n\n<p class=\"has-text-align-center has-medium-font-size\"><strong><strong><strong><strong>Unsere Teams<\/strong><\/strong><\/strong><\/strong><\/p>\n\n\n\n<div class=\"wp-block-kadence-column kadence-column9703_e6a168-f3\"><div class=\"kt-inside-inner-col\">\n<p class=\"has-text-align-center\">Gemeinsam leiten Dolores und Dimitrios ein Team von Architekten, Designern, Ingenieuren und spezialisierten Mitarbeitern, die zusammen \u00fcber mehr als zwei Jahrzehnte Erfahrung in den Bereichen Architektur, Wohnungsbau, kommerzielle Inneneinrichtung und Gastgewerbe verf\u00fcgen.<\/p>\n<\/div><\/div>\n\n\n<div class=\"kb-row-layout-wrap kb-row-layout-id9703_179a28-ff alignnone wp-block-kadence-rowlayout\"><div class=\"kt-row-column-wrap kt-has-4-columns kt-row-layout-equal kt-tab-layout-inherit kt-mobile-layout-row kt-row-valign-top\">\n\n<div class=\"wp-block-kadence-column kadence-column9703_04b29a-b1\"><div class=\"kt-inside-inner-col\">\n<p class=\"has-text-align-center has-medium-font-size\"><strong>Studio<\/strong><\/p>\n\n\n\n<p class=\"has-text-align-center has-small-font-size\"> Architekten, Designer, Konzept- und Visualisierungsspezialisten<\/p>\n<\/div><\/div>\n\n\n\n<div class=\"wp-block-kadence-column kadence-column9703_90c112-aa\"><div class=\"kt-inside-inner-col\">\n<p class=\"has-text-align-center has-medium-font-size\"><strong>Produktion <\/strong><\/p>\n\n\n\n<p class=\"has-text-align-center has-small-font-size\">Baukoordination, Bauleitung, technische Ausf\u00fchrung<\/p>\n<\/div><\/div>\n\n\n\n<div class=\"wp-block-kadence-column kadence-column9703_87cce7-4b\"><div class=\"kt-inside-inner-col\">\n<p class=\"has-text-align-center has-medium-font-size\"><strong>Technik<\/strong><\/p>\n\n\n\n<p class=\"has-text-align-center has-small-font-size\"> Strukturelle, MEP- und technische Berater<\/p>\n<\/div><\/div>\n\n\n\n<div class=\"wp-block-kadence-column kadence-column9703_5a25c5-54\"><div class=\"kt-inside-inner-col\">\n<p class=\"has-text-align-center has-medium-font-size\"><strong>Mitarbeiter <\/strong><\/p>\n\n\n\n<p class=\"has-text-align-center has-small-font-size\">Spezialisierte Partner in Spanien, Schweden und Griechenland<\/p>\n<\/div><\/div>\n\n<\/div><\/div>\n\n\n<div class=\"wp-block-kadence-spacer aligncenter kt-block-spacer-9703_f7d3e4-29\"><div class=\"kt-block-spacer kt-block-spacer-halign-center\"><hr class=\"kt-divider\"\/><\/div><\/div>\n\n\n\n<div class=\"wp-block-cover alignfull is-light has-theme-1-color has-text-color has-link-color wp-elements-5ae8264d69248a8777b6af759b0830b7\" style=\"margin-top:0;padding-top:5vw;padding-right:5vw;padding-bottom:5vw;padding-left:5vw;min-height:314px;aspect-ratio:unset;\"><span aria-hidden=\"true\" class=\"wp-block-cover__background has-theme-5-background-color has-background-dim-100 has-background-dim\"><\/span><div class=\"wp-block-cover__inner-container is-layout-flow wp-block-cover-is-layout-flow\">\n<div class=\"wp-block-group is-layout-flex wp-container-core-group-is-layout-d0921e6e wp-block-group-is-layout-flex\">\n<div class=\"wp-block-group wp-container-content-9cfa9a5a is-layout-flow wp-container-core-group-is-layout-d6743c7d wp-block-group-is-layout-flow\">\n<p class=\"has-text-align-center has-theme-1-color has-theme-5-background-color has-text-color has-background\" style=\"padding-top:var(--wp--preset--spacing--50);padding-right:0;padding-bottom:var(--wp--preset--spacing--50);padding-left:0;font-size:clamp(33.419px, 2.089rem + ((1vw - 3.2px) * 2.077), 60px);letter-spacing:0px;line-height:0.8;text-transform:capitalize\"><strong><strong><strong><strong><strong><strong><strong><strong>M\u00f6chten Sie \u00fcber Ihr Projekt sprechen?<\/strong><\/strong><\/strong><\/strong><\/strong><\/strong><\/strong><\/strong><\/p>\n\n\n\n<div class=\"wp-block-buttons is-content-justification-center is-layout-flex wp-container-core-buttons-is-layout-a89b3969 wp-block-buttons-is-layout-flex\">\n<div class=\"wp-block-button\"><a class=\"wp-block-button__link has-theme-5-color has-theme-1-background-color has-text-color has-background has-custom-font-size wp-element-button\" href=\"https:\/\/wolfblanc.com\/de\/contact\/\" style=\"border-radius:100px;border-top-style:none;border-top-width:0px;border-right-style:none;border-right-width:0px;border-bottom-style:none;border-bottom-width:0px;border-left-style:none;border-left-width:0px;padding-top:14px;padding-right:36px;padding-bottom:14px;padding-left:36px;font-size:clamp(14px, 0.875rem + ((1vw - 3.2px) * 0.234), 17px);letter-spacing:0px;text-decoration:none;text-transform:capitalize\"><strong>Buchen Sie eine kostenlose Konsultation \u2192.<\/strong><\/a><\/div>\n<\/div>\n<\/div>\n<\/div>\n<\/div><\/div>","protected":false},"excerpt":{"rendered":"<p>Our Team Wolfblanc is led by registered architects. Every project is handled directly by them, from the first conversation to completion. Dolores Leading Architect Dolores is Spanish and Swedish. She trained as an architect at ETSAM, the Escuela T\u00e9cnica Superior de Arquitectura de Madrid, one of Europe&#8217;s most respected architecture schools and part of the [&hellip;]<\/p>\n","protected":false},"author":1,"featured_media":7617,"parent":0,"menu_order":0,"comment_status":"closed","ping_status":"closed","template":"pages-without-title","meta":{"iawp_total_views":13,"_vp_format_video_url":"","_vp_image_focal_point":[],"footnotes":""},"class_list":["post-9703","page","type-page","status-publish","has-post-thumbnail","hentry"],"_links":{"self":[{"href":"https:\/\/wolfblanc.com\/de\/wp-json\/wp\/v2\/pages\/9703","targetHints":{"allow":["GET"]}}],"collection":[{"href":"https:\/\/wolfblanc.com\/de\/wp-json\/wp\/v2\/pages"}],"about":[{"href":"https:\/\/wolfblanc.com\/de\/wp-json\/wp\/v2\/types\/page"}],"author":[{"embeddable":true,"href":"https:\/\/wolfblanc.com\/de\/wp-json\/wp\/v2\/users\/1"}],"replies":[{"embeddable":true,"href":"https:\/\/wolfblanc.com\/de\/wp-json\/wp\/v2\/comments?post=9703"}],"version-history":[{"count":0,"href":"https:\/\/wolfblanc.com\/de\/wp-json\/wp\/v2\/pages\/9703\/revisions"}],"wp:featuredmedia":[{"embeddable":true,"href":"https:\/\/wolfblanc.com\/de\/wp-json\/wp\/v2\/media\/7617"}],"wp:attachment":[{"href":"https:\/\/wolfblanc.com\/de\/wp-json\/wp\/v2\/media?parent=9703"}],"curies":[{"name":"wp","href":"https:\/\/api.w.org\/{rel}","templated":true}]}}

<h2 class="wp-block-heading has-text-align-center">Unser Team</h2>



<p class="has-text-align-center has-small-font-size">Wolfblanc wird von eingetragenen Architekten geleitet. <br>Jedes Projekt wird direkt von ihnen betreut, vom ersten Gespräch bis zur Fertigstellung.</p>


<div class="kb-row-layout-wrap kb-row-layout-id9703_2309b4-c2 alignnone wp-block-kadence-rowlayout"><div class="kt-row-column-wrap kt-has-2-columns kt-row-layout-equal kt-tab-layout-inherit kt-mobile-layout-row kt-row-valign-top">

<div class="wp-block-kadence-column kadence-column9703_454616-af"><div class="kt-inside-inner-col">
<figure class="wp-block-image alignleft size-full is-resized" style="margin-right:0;margin-left:0"><noscript><img decoding="async" width="756" height="1024" data-skip-lazy src="https://wolfblanc.com/wp-content/uploads/2026/01/DOLORES_lwsoptimized.webp" alt="" class="wp-image-7613" style="width:300px" srcset="https://wolfblanc.com/wp-content/uploads/2026/01/DOLORES_lwsoptimized.webp 756w, https://wolfblanc.com/wp-content/uploads/2026/01/DOLORES_lwsoptimized-221x300.webp 221w, https://wolfblanc.com/wp-content/uploads/2026/01/DOLORES_lwsoptimized-9x12.webp 9w, https://wolfblanc.com/wp-content/uploads/2026/01/DOLORES_lwsoptimized-500x677.webp 500w" sizes="(max-width: 756px) 100vw, 756px" /></noscript><img decoding="async" width="756" height="1024" src="https://wolfblanc.com/wp-content/uploads/2026/01/DOLORES_lwsoptimized.webp" alt class="wp-image-7613 vp-lazyload" style="width:300px" srcset="data:image/svg+xml;base64,PHN2ZyB3aWR0aD0iNzU2IiBoZWlnaHQ9IjEwMjQiIHZpZXdCb3g9IjAgMCA3NTYgMTAyNCIgZmlsbD0ibm9uZSIgeG1sbnM9Imh0dHA6Ly93d3cudzMub3JnLzIwMDAvc3ZnIj48L3N2Zz4=" data-src="https://wolfblanc.com/wp-content/uploads/2026/01/DOLORES_lwsoptimized.webp" data-srcset="https://wolfblanc.com/wp-content/uploads/2026/01/DOLORES_lwsoptimized.webp 756w, https://wolfblanc.com/wp-content/uploads/2026/01/DOLORES_lwsoptimized-221x300.webp 221w, https://wolfblanc.com/wp-content/uploads/2026/01/DOLORES_lwsoptimized-9x12.webp 9w, https://wolfblanc.com/wp-content/uploads/2026/01/DOLORES_lwsoptimized-500x677.webp 500w" data-sizes="auto" loading="eager"></figure>



<p class="has-medium-font-size"><strong>Dolores</strong></p>



<p class="has-text-color has-link-color wp-elements-4c51a13c120baf9d68052acb8fa13d87" style="color:#707070"><em>Führender Architekt</em></p>



<p>Dolores ist Spanierin und Schwedin. Sie absolvierte ihre Ausbildung zur Architektin an der ETSAM, der Escuela Técnica Superior de Arquitectura de Madrid, einer der angesehensten Architekturschulen Europas und Teil der Universidad Politécnica de Madrid. Sie sammelte ihre Berufserfahrung in Spanien und Schweden und leitete komplexe Wohn- und Mischnutzungsprojekte für einige der größten nordischen Bauträger, darunter Skanska, JM, Bonava und Serneke.</p>



<p>Sie hat einen Master in nachhaltigem Design und bioklimatischer Architektur von der Universität Barcelona und absolvierte eine Spezialausbildung in Kreislaufbau in Stockholm. Sie ist eingetragene Architektin mit zusätzlicher Berufszulassung in Spanien (COAM, Colegio Oficial de Arquitectos de Madrid) und ein WELL Accredited Professional.</p>
</div></div>



<div class="wp-block-kadence-column kadence-column9703_7637d0-d0"><div class="kt-inside-inner-col">
<figure class="wp-block-image alignleft size-full is-resized" style="margin-right:0;margin-left:0"><noscript><img decoding="async" width="762" height="1024" data-skip-lazy src="https://wolfblanc.com/wp-content/uploads/2026/04/DIMITRIS.jpg" alt="" class="wp-image-9349" style="width:305px" srcset="https://wolfblanc.com/wp-content/uploads/2026/04/DIMITRIS.jpg 762w, https://wolfblanc.com/wp-content/uploads/2026/04/DIMITRIS-223x300.jpg 223w, https://wolfblanc.com/wp-content/uploads/2026/04/DIMITRIS-9x12.jpg 9w, https://wolfblanc.com/wp-content/uploads/2026/04/DIMITRIS-500x672.jpg 500w" sizes="(max-width: 762px) 100vw, 762px" /></noscript><img decoding="async" width="762" height="1024" src="https://wolfblanc.com/wp-content/uploads/2026/04/DIMITRIS.jpg" alt class="wp-image-9349 vp-lazyload" style="width:305px" srcset="data:image/svg+xml;base64,PHN2ZyB3aWR0aD0iNzYyIiBoZWlnaHQ9IjEwMjQiIHZpZXdCb3g9IjAgMCA3NjIgMTAyNCIgZmlsbD0ibm9uZSIgeG1sbnM9Imh0dHA6Ly93d3cudzMub3JnLzIwMDAvc3ZnIj48L3N2Zz4=" data-src="https://wolfblanc.com/wp-content/uploads/2026/04/DIMITRIS.jpg" data-srcset="https://wolfblanc.com/wp-content/uploads/2026/04/DIMITRIS.jpg 762w, https://wolfblanc.com/wp-content/uploads/2026/04/DIMITRIS-223x300.jpg 223w, https://wolfblanc.com/wp-content/uploads/2026/04/DIMITRIS-9x12.jpg 9w, https://wolfblanc.com/wp-content/uploads/2026/04/DIMITRIS-500x672.jpg 500w" data-sizes="auto" loading="eager"></figure>



<p class="has-medium-font-size"><strong>Dimitrios</strong></p>



<p class="has-text-color has-link-color wp-elements-4c51a13c120baf9d68052acb8fa13d87" style="color:#707070"><em>Führender Architekt</em></p>



<p>Dimitrios ist Grieche und Schwede. Er verfügt über einen integrierten Master-Abschluss in Architektur und Ingenieurwesen von der Nationalen Technischen Universität Athen, einer der führenden technischen Universitäten Europas, und hat einen Master-Abschluss in Unternehmertum und Innovationsmanagement an der Königlichen Technischen Hochschule KTH in Stockholm erworben. Anschließend leitete er große Wohn- und Gewerbeprojekte für Bauträger wie Skanska, Einar Mattsson und JM.</p>



<p>Er ist ein eingetragener Architekt mit zusätzlicher Berufszulassung in Griechenland (TEE-TCG). Bei Wolfblanc leitet er das Projektmanagement, die BIM-Koordination, die Geschäftsentwicklung sowie die Strategie und den Betrieb des Studios in Spanien, Schweden und Griechenland.</p>
</div></div>

</div></div>


<div class="wp-block-kadence-spacer aligncenter kt-block-spacer-9703_4f258a-7d"><div class="kt-block-spacer kt-block-spacer-halign-center"><hr class="kt-divider"/></div></div>



<p class="has-text-align-center has-medium-font-size"><strong><strong><strong><strong>Unsere Teams</strong></strong></strong></strong></p>



<div class="wp-block-kadence-column kadence-column9703_e6a168-f3"><div class="kt-inside-inner-col">
<p class="has-text-align-center">Gemeinsam leiten Dolores und Dimitrios ein Team von Architekten, Designern, Ingenieuren und spezialisierten Mitarbeitern, die zusammen über mehr als zwei Jahrzehnte Erfahrung in den Bereichen Architektur, Wohnungsbau, kommerzielle Inneneinrichtung und Gastgewerbe verfügen.</p>
</div></div>


<div class="kb-row-layout-wrap kb-row-layout-id9703_179a28-ff alignnone wp-block-kadence-rowlayout"><div class="kt-row-column-wrap kt-has-4-columns kt-row-layout-equal kt-tab-layout-inherit kt-mobile-layout-row kt-row-valign-top">

<div class="wp-block-kadence-column kadence-column9703_04b29a-b1"><div class="kt-inside-inner-col">
<p class="has-text-align-center has-medium-font-size"><strong>Studio</strong></p>



<p class="has-text-align-center has-small-font-size"> Architekten, Designer, Konzept- und Visualisierungsspezialisten</p>
</div></div>



<div class="wp-block-kadence-column kadence-column9703_90c112-aa"><div class="kt-inside-inner-col">
<p class="has-text-align-center has-medium-font-size"><strong>Produktion </strong></p>



<p class="has-text-align-center has-small-font-size">Baukoordination, Bauleitung, technische Ausführung</p>
</div></div>



<div class="wp-block-kadence-column kadence-column9703_87cce7-4b"><div class="kt-inside-inner-col">
<p class="has-text-align-center has-medium-font-size"><strong>Technik</strong></p>



<p class="has-text-align-center has-small-font-size"> Strukturelle, MEP- und technische Berater</p>
</div></div>



<div class="wp-block-kadence-column kadence-column9703_5a25c5-54"><div class="kt-inside-inner-col">
<p class="has-text-align-center has-medium-font-size"><strong>Mitarbeiter </strong></p>



<p class="has-text-align-center has-small-font-size">Spezialisierte Partner in Spanien, Schweden und Griechenland</p>
</div></div>

</div></div>


<div class="wp-block-kadence-spacer aligncenter kt-block-spacer-9703_f7d3e4-29"><div class="kt-block-spacer kt-block-spacer-halign-center"><hr class="kt-divider"/></div></div>



<div class="wp-block-cover alignfull is-light has-theme-1-color has-text-color has-link-color wp-elements-5ae8264d69248a8777b6af759b0830b7" style="margin-top:0;padding-top:5vw;padding-right:5vw;padding-bottom:5vw;padding-left:5vw;min-height:314px;aspect-ratio:unset;"><span aria-hidden="true" class="wp-block-cover__background has-theme-5-background-color has-background-dim-100 has-background-dim"></span><div class="wp-block-cover__inner-container is-layout-flow wp-block-cover-is-layout-flow">
<div class="wp-block-group is-layout-flex wp-container-core-group-is-layout-d0921e6e wp-block-group-is-layout-flex">
<div class="wp-block-group wp-container-content-9cfa9a5a is-layout-flow wp-container-core-group-is-layout-d6743c7d wp-block-group-is-layout-flow">
<p class="has-text-align-center has-theme-1-color has-theme-5-background-color has-text-color has-background" style="padding-top:var(--wp--preset--spacing--50);padding-right:0;padding-bottom:var(--wp--preset--spacing--50);padding-left:0;font-size:clamp(33.419px, 2.089rem + ((1vw - 3.2px) * 2.077), 60px);letter-spacing:0px;line-height:0.8;text-transform:capitalize"><strong><strong><strong><strong><strong><strong><strong><strong>Möchten Sie über Ihr Projekt sprechen?</strong></strong></strong></strong></strong></strong></strong></strong></p>



<div class="wp-block-buttons is-content-justification-center is-layout-flex wp-container-core-buttons-is-layout-a89b3969 wp-block-buttons-is-layout-flex">
<div class="wp-block-button"><a class="wp-block-button__link has-theme-5-color has-theme-1-background-color has-text-color has-background has-custom-font-size wp-element-button" href="https://wolfblanc.com/de/contact/" style="border-radius:100px;border-top-style:none;border-top-width:0px;border-right-style:none;border-right-width:0px;border-bottom-style:none;border-bottom-width:0px;border-left-style:none;border-left-width:0px;padding-top:14px;padding-right:36px;padding-bottom:14px;padding-left:36px;font-size:clamp(14px, 0.875rem + ((1vw - 3.2px) * 0.234), 17px);letter-spacing:0px;text-decoration:none;text-transform:capitalize"><strong>Buchen Sie eine kostenlose Konsultation →.</strong></a></div>
</div>
</div>
</div>
</div></div>

<p>Our Team Wolfblanc is led by registered architects. Every project is handled directly by them, from the first conversation to completion. Dolores Leading Architect Dolores is Spanish and Swedish. She trained as an architect at ETSAM, the Escuela Técnica Superior de Arquitectura de Madrid, one of Europe&#8217;s most respected architecture schools and part of the [&hellip;]</p>
